{"id":24859,"date":"2023-09-15T21:31:27","date_gmt":"2023-09-15T21:31:27","guid":{"rendered":"https:\/\/boticacentral.com\/?post_type=product&#038;p=24859"},"modified":"2024-11-01T00:00:07","modified_gmt":"2024-11-01T00:00:07","slug":"exderm-age-crema-contorno-de-ojos-15ml","status":"publish","type":"product","link":"https:\/\/sokotest2.com\/boticacentral\/product\/exderm-age-crema-contorno-de-ojos-15ml\/","title":{"rendered":"EXDERM AGE CREMA CONTORNO DE OJOS 15ML"},"content":{"rendered":"","protected":false},"excerpt":{"rendered":"<p>COD 7508304318522<\/p>\n<p>Prev\u00e9 una sensaci\u00f3n de frescura, descongesti\u00f3n, y descanso instant\u00e1neo. Tienen una importante acci\u00f3n antiinflamatoria y calmante disminuyendo las bolsas y ojeras. Aporta firmeza y difumina las arruguitas y finas l\u00edneas de expresi\u00f3n.<\/p>\n","protected":false},"featured_media":24860,"template":"","meta":[],"_links":{"self":[{"href":"https:\/\/sokotest2.com\/boticacentral\/wp-json\/wp\/v2\/product\/24859"}],"collection":[{"href":"https:\/\/sokotest2.com\/boticacentral\/wp-json\/wp\/v2\/product"}],"about":[{"href":"https:\/\/sokotest2.com\/boticacentral\/wp-json\/wp\/v2\/types\/product"}],"wp:featuredmedia":[{"embeddable":true,"href":"https:\/\/sokotest2.com\/boticacentral\/wp-json\/wp\/v2\/media\/24860"}],"wp:attachment":[{"href":"https:\/\/sokotest2.com\/boticacentral\/wp-json\/wp\/v2\/media?parent=24859"}],"curies":[{"name":"wp","href":"https:\/\/api.w.org\/{rel}","templated":true}]}}