{"id":25157,"date":"2023-11-16T16:51:25","date_gmt":"2023-11-16T16:51:25","guid":{"rendered":"https:\/\/boticacentral.com\/?post_type=product&#038;p=25157"},"modified":"2024-10-23T19:37:57","modified_gmt":"2024-10-23T19:37:57","slug":"bolsa-p-colostomia-d-ins-plast-c-1-pza","status":"publish","type":"product","link":"https:\/\/sokotest2.com\/boticacentral\/product\/bolsa-p-colostomia-d-ins-plast-c-1-pza\/","title":{"rendered":"BOLSA P\/COLOSTOMIA D\/INS PLAST C\/1 PZA"},"content":{"rendered":"","protected":false},"excerpt":{"rendered":"<p>Bolsa auto adherible de pl\u00e1stico para ileostom\u00eda o colostom\u00eda, drenable en forma de botella con tira de seguridad como mecanismo de cierre.<br \/>\nCod. 7506022326249<\/p>\n","protected":false},"featured_media":25158,"template":"","meta":[],"_links":{"self":[{"href":"https:\/\/sokotest2.com\/boticacentral\/wp-json\/wp\/v2\/product\/25157"}],"collection":[{"href":"https:\/\/sokotest2.com\/boticacentral\/wp-json\/wp\/v2\/product"}],"about":[{"href":"https:\/\/sokotest2.com\/boticacentral\/wp-json\/wp\/v2\/types\/product"}],"wp:featuredmedia":[{"embeddable":true,"href":"https:\/\/sokotest2.com\/boticacentral\/wp-json\/wp\/v2\/media\/25158"}],"wp:attachment":[{"href":"https:\/\/sokotest2.com\/boticacentral\/wp-json\/wp\/v2\/media?parent=25157"}],"curies":[{"name":"wp","href":"https:\/\/api.w.org\/{rel}","templated":true}]}}