{"id":25367,"date":"2024-01-23T18:56:05","date_gmt":"2024-01-23T18:56:05","guid":{"rendered":"https:\/\/boticacentral.com\/?post_type=product&#038;p=25367"},"modified":"2024-10-23T19:16:10","modified_gmt":"2024-10-23T19:16:10","slug":"baumanometro-digital-mod-hl-888ja","status":"publish","type":"product","link":"https:\/\/sokotest2.com\/boticacentral\/product\/baumanometro-digital-mod-hl-888ja\/","title":{"rendered":"BAUMANOMETRO DIGITAL MOD HL-888JA"},"content":{"rendered":"","protected":false},"excerpt":{"rendered":"<p>Bauman\u00f3metro de brazo, digital, modelo HL-888JA es un dispositivo autom\u00e1tico que mide la presi\u00f3n sist\u00f3lica, diast\u00f3lica y el pulso cardiaco.<\/p>\n<p>Caracter\u00edsticas:<\/p>\n<ul class=\"chedrauimx-frontend-applications-4-x-descriptionList\">\n<li class=\"chedrauimx-frontend-applications-4-x-listElement\">Totalmente autom\u00e1tico<\/li>\n<li class=\"chedrauimx-frontend-applications-4-x-listElement\">Medidor de presi\u00f3n arterial digital en brazo, 99 memorias para llevar un registro continuo<\/li>\n<li class=\"chedrauimx-frontend-applications-4-x-listElement\">Amplio display de lecturas, Indicador de presi\u00f3n seg\u00fan la O.M.S. (Organizaci\u00f3n Mundial de la Salud).<\/li>\n<li class=\"chedrauimx-frontend-applications-4-x-listElement\">Estuche contenedor, brazalete ajustable para mayor comodidad<\/li>\n<\/ul>\n<p>Cod. 7503012700010<\/p>\n","protected":false},"featured_media":25368,"template":"","meta":[],"_links":{"self":[{"href":"https:\/\/sokotest2.com\/boticacentral\/wp-json\/wp\/v2\/product\/25367"}],"collection":[{"href":"https:\/\/sokotest2.com\/boticacentral\/wp-json\/wp\/v2\/product"}],"about":[{"href":"https:\/\/sokotest2.com\/boticacentral\/wp-json\/wp\/v2\/types\/product"}],"wp:featuredmedia":[{"embeddable":true,"href":"https:\/\/sokotest2.com\/boticacentral\/wp-json\/wp\/v2\/media\/25368"}],"wp:attachment":[{"href":"https:\/\/sokotest2.com\/boticacentral\/wp-json\/wp\/v2\/media?parent=25367"}],"curies":[{"name":"wp","href":"https:\/\/api.w.org\/{rel}","templated":true}]}}